alculate 7 - (4 - (-6 + 3)).
0
Evaluate 25 + -29 + 4 + 1.
1
Evaluate 2 + 3 - (-2 - -11 - 3).
-1
Evaluate 5 - (-1 - (-4 + 4)).
6
Calculate (0 - (0 + 4)) + 4.
0
What is 5 + 2 + (-2 - -6) - 5?
6
Evaluate -1 + 2 + (5 - 5).
1
What is 0 + -1 - (-2 + (7 - 4))?
-2
What is the value of -10 + (0 - (-9 + 9 + -5))?
-5
What is -1 + (7 - 5 - 3) + -3?
-5
Calculate (-14 - -18) + -2 + 0 + 2.
4
Calculate -33 + 24 + 4 + -1 - -7.
1
1 + (0 - -2) - (14 - 16)
5
Evaluate (3 - (10 + -17)) + -3.
7
What is the value of 3 + (7 - (-4 + 12))?
2
(52 - 40) + (-8 - -1)
5
Calculate (-1 - (6 + -3)) + 0.
-4
What is the value of 3 - (-8 + 8 + 9)?
-6
Evaluate 5 + -3 + 3 + 2.
7
What is the value of 0 + (-8 - (0 + -3))?
-5
1 - (-1 + 3 - (-3 + 7))
3
7 + -6 - (4 - 1 - 1)
-1
1 + -2 + 6 + -4
1
-30 + 34 + -6 + 1
-1
Evaluate -8 + (1 + 12 - (53 - 50)).
2
2 - 11 - -11 - (9 + 0)
-7
-7 + 2 + 2 + 2 + -5
-6
Evaluate (-6 - -12 - 9) + (-1 - -6).
2
Evaluate -14 + 4 + 12 + -7.
-5
What is 3 - 2 - -2 - 5 - -3?
1
What is (23 - 22) + (2 - -1 - 0)?
4
-2 + 2 + (1 - 3)
-2
Evaluate -1 + -8 + 12 - 0.
3
Evaluate (3 - -1) + (2 - 6).
0
Calculate -5 + 5 - (0 - -2) - -7.
5
What is the value of -3 + (3 + 1 - 4) - 2?
-5
Calculate -2 + -4 + -4 + 6 + 4.
0
-1 - (-7 + (-3 - -5) - 0)
4
(-6 - 3) + (20 - 11)
0
What is (1 - 0) + 3 - 3?
1
What is the value of 23 + -31 + 10 + -1?
1
Calculate 1 + -2 + -3 - (-134 - -126).
4
Evaluate (1 + -2 - (0 - 0)) + 0.
-1
Calculate -6 - (-5 - -4) - -8 - 0.
3
Evaluate -12 - -2 - (-23 - -18).
-5
What is the value of (-8 - -2) + 5 + 2?
1
Evaluate -2 + (-3 - -7) - (-1 + 5).
-2
Evaluate 1 - -2 - 12 - (-1 - 1).
-7
What is the value of 9 - 8 - (3 + -5)?
3
What is -5 + (-2 - -4) + 0?
-3
What is the value of 2 + -5 - (-8 - (-7 + 1))?
-1
Calculate 14 + (-6 - 1) + -4 + -1.
2
Evaluate (-8 - (1 - 6)) + -4 + 10.
3
What is the value of 3 + -5 + 8 - 4?
2
Evaluate 1 + 1 + (-3 + -4 - -4).
-1
What is the value of -1 - (1 - -6 - 6)?
-2
-1 - -2 - (-9 + 11 - 8)
7
Evaluate (-9 - -6) + 12 - 4.
5
What is the value of 2 + -3 + 0 + 3 + 2?
4
Evaluate -8 + 7 + 9 + -7.
1
What is 5 + -6 + (2 - (1 + -4))?
4
Calculate (-4 - 0) + (15 - 15) + -2.
-6
(0 - -1) + (4 + -7 - 3)
-5
Calculate 5 + -1 + -4 + 4.
4
What is -1 + 4 + (5 - 4 - 4)?
0
What is 5 - 2 - ((-4 - 0) + 2)?
5
What is (-6 - -3) + -2 + 1?
-4
What is (2 - -3) + 3 + 0 + -4?
4
What is -11 - ((0 - -5) + -13)?
-3
-14 + -4 + 10 + 14
6
What is the value of 7 - 10 - ((-1 - -2) + -2)?
-2
What is 4 + -3 + (3 - -1)?
5
What is 0 + (5 - 0) + -8?
-3
0 + 1 - (2 - (2 + -1))
0
What is the value of (-9 - (-2 + (-9 - -6))) + 12?
8
Calculate (-4 + 4 - -5) + (-2 - 0).
3
What is the value of -11 + (12 - (4 - -2))?
-5
What is the value of (16 - 13) + -1 + 2 + 1?
5
7 - -5 - 8 - (7 - -1)
-4
Calculate 1 - 2 - (1 - -4).
-6
What is the value of 5 + -4 + -6 - -9?
4
Calculate 5 + -9 - (-4 + -1).
1
What is -4 - -7 - (1 - -4) - -1?
-1
-13 + 4 - 6 - -13
-2
What is 7 + 9 + -11 - (-5 - -1)?
9
7 + -2 + (-3 + -2 - -6)
6
-2 + (0 - (2 + -2)) + -1
-3
What is (-7 + -2 - -3) + 3?
-3
What is 2 + (-3 - (5 - 3)) - -5?
2
(1 - 5) + 0 + 3
-1
Evaluate 3 + (-3 - (1 - 5) - -1).
5
What is 12 + -9 + (-1 + -7 - -1)?
-4
-4 - ((-9 - -6) + 11 - 8)
-4
What is the value of 2 - (-1 + 5 + -5)?
3
What is the value of -7 - ((5 - 6 - -4) + -5)?
-5
Evaluate -7 + -1 - (1 + -3) - -3.
-3
Calculate 1 - (1 + (1 - -3) + -3).
-1
What is -9 + 16 + (-14 - (-2 - 2))?
-3
Calculate -1 - (-3 + 3) - 4.
-5
Evaluate -3 - (4 + -4) - 3.
-6
What is -3 + -2 + 9 + -4?
0
What is the value of 0 - 4 - (-27 + 19)?
4
Calculate (-11 - -4) + 4 + -3.
-6
Evaluate (12 - 16) + -1 + 1.
-4
-3 - (-3 - (-3 - -3 - 4))
-4
What is the value of (0 - -1) + -1 + (-140 - -134)?
-6
What is the value of (-9 - -7) + 10 - 6?
2
Evaluate -3 - (3 + 2 + -3 + -7).
2
Evaluate -6 - -15 - (3 - -1).
5
Calculate -12 + 10 - (1 - (1 - 2)).
-4
Calculate (4 - -3) + -4 + -8.
-5
What is (-1 - (4 + 6)) + 6?
-5
Calculate 6 + (4 - 12) + -4 + 1.
-5
What is (-3 + 7 - 2) + -2?
0
6 - (-10 - (-14 + -4))
-2
3 + -4 + (7 - 5 - -1)
2
-2 - (0 - 2) - -3
3
Calculate -1 + 1 + 2 - 5.
-3
25 - 16 - (4 + 1)
4
Calculate -1 - 3 - (-27 - -26) - -4.
1
Evaluate 0 - 2 - (-10 - -3).
5
Evaluate 24 - 20 - (-7 - -8).
3
(-2 - 1 - 11) + 9
-5
-9 - 0 - -11 - 5
-3
What is the value of 7 - (1 - (-10 + 1 + 6))?
3
Calculate -3 - (1 + -7 + 1).
2
-32 + 19 - (-11 - -1)
-3
Calculate 2 + -5 + -5 - -6 - -4.
2
-6 + -2 + 0 + 5 - -3
0
What is the value of (-2 + 3 - (-9 + 14)) + 2?
-2
What is the value of -2 + (3 - 6) + 3 + 6?
4
Calculate (1 - 1) + -141 + 148.
7
Calculate (-3 - 1) + (0 - (2 + -2)).
-4
Calculate 0 + (-3 - -4 - 0) - 6.
-5
What is the value of 0 + 7 + (2 - 6)?
3
Calculate 3 + -7 + (2 - -1) + -4.
-5
What is -4 - (-4 + 2 - 0)?
-2
Evaluate -5 - (3 - 6) - (-4 + 2).
0
What is the value of (0 - 0) + (1 - -2) + 1?
4
What is the value of -2 + -8 + -5 + 7?
-8
Calculate (12 - (14 + -6)) + -9.
-5
What is the value of 1 + 6 + (7 - 2) + -7?
5
What is 3 + (-7 - 0) - 1?
-5
What is the value of -7 - (-6 - -3) - (-8 - -6)?
-2
-6 - -2 - (-7 + 3)
0
What is the value of 1 + (11 - (-2 + 8))?
6
What is the value of 13 + (-3 + -10 - -7)?
7
-2 - -3 - (-3 - (-2 - 0))
2
What is the value of 2 + 0 - (-42 + 47)?
-3
Evaluate (68 - 71) + -8 + 2 + 1.
-8
Evaluate 1 + (4 - 7) + 2 - 2.
-2
What is the value of 0 + -1 + (8 + 0 - 5)?
2
Calculate -5 + 2 + 2 + -1 - -3.
1
Calculate (-2 - -3) + (-11 - -6).
-4
3 + -9 + 8 - 4
-2
What is (8 + -3 - -2) + -1?
6
Calculate -5 + (2 - (10 + -8)).
-5
Evaluate 6 + (-7 - 1) + 5.
3
Calculate -1 - 3 - ((3 - 6) + -6).
5
(-9 - -22) + -9 + -9
-5
What is 4 + (-1 + 5 - (-15 + 16))?
7
Evaluate -6 + (3 - -13) + -18.
-8
What is the value of 12 + -7 - (-4 - (2 + -10))?
1
Calculate -4 - (-3 + (-3 - 0)).
2
What is -3 + (0 - (3 + -5)) + -5?
-6
What is the value of 1 + 10 + -19 - (6 - 7)?
-7
What is the value of 2 + 0 + -12 + 2 + 4?
-4
What is the value of -17 - -24 - (-12 + 11)?
8
(-7 - -2) + 4 + (-3 - 0)
-4
Evaluate (2 - 0) + (-3 - (3 + -6)).
2
What is the value of (-3 - -7) + -4 - 5?
-5
7 - (22 - 5) - -7
-3
(11 - 4 - (10 - 5)) + 2
4
What is the value of 1 + -2 + 8 + -3?
4
Evaluate (1 - -5 - 3) + (1 - 2).
2
Calculate -17 + 20 - (0 - 0 - 1).
4
What is the value of 0 + -1 - (-7 - -3)?
3
Calculate 0 - 5 - -1 - (-7 - -7).
-4
What is -5 - (9 + -2) - -5?
-7
Evaluate 1 + -1 + (62 - 67).
-5
Evaluate -8 - (-6 + 3) - -4.
-1
What is the value of (0 - (1 - -2)) + 7?
4
Calculate -2 + 5 + 1 + -6 - -6.
4
What is the value of 6 + -1 + 13 + -6 + -3?
9
Evaluate 1 + 15 - (111 - 102).
7
Evaluate -2 - (1 + -3 + -3).
3
-7 + 0 + (15 - 4)
4
What is 0 - (14 - 20) - (3 + 1)?
2
1 - (1 + -1 + 4)
-3
(-6 - -1) + 3 + -3
-5
What is (72 - 60) + (-2 - 17)?
-7
What is 6 - (1 - -1 - -8)?
-4
What is the value of -1 + 3 + 4 + -6?
0
What is the value of -12 + 2 - -5 - -1?
-4
What is the value of -8 - (0 - (3 + 8))?
3
8 - 0 - (2 + 6)
0
What is the value of -8 - ((12 - 3) + -19)?
2
4 - (0 + (-1 + 3 - -2))
0
Evaluate (-4 - (-8 + -4)) + -2 + 1.
7
-1 + 4 - (2 - -2) - -4
3
What is the value of -1 - -1 - (57 + -63)?
6
What is the value of -5 - (-1 - (-2 + (5 - 6)))?
-7
What is -11 + 2 + 5 - -1?
-3
What is the value of -1 + 1 - (-7 + 11)?
-4
Calculate -6 + 4 + (9 - 6) - 2.
-1
What is 2 - (8 - 2 - -1)?
-5
0 + (-2 + -5 - -5 - 1)
-3
What is -16 + (20 - (8 + 2))?
-6
-15 + 20 + (-1 - (1 + -1))
4
(0 - 5) + (0 - (-3 + -1))
-1
Evaluate 16 + 7 + -20 - (-1 - 0).
4
What is the value of 0 + 4 - (3 - (4 - 3))?
2
6 - 2 - (-4 - -4)
4
What is -4 + (-1 + (-3 - -6) - -1)?
-1
What is -3 + -15 + (10 - 0)?
-8
What is the value of (-1 + 7 - (2 + 9)) + 8?
3
Calculate 3 + 1 + -1 + 1.
4
0 + -1 - (0 - (8 - 7))
0
Evaluate 11 - 15 - (0 + -1).
-3
3 + 0 - (-3 + (-19 - -32))
-7
0 - 2 - (-11 + 11)
-2
What is (-9 + 2 + 1 - -3) + 3?
0
What is (-12 - -8) + 0 - (-6 - -5)?
-3
Evaluate -8 - (-13 + 15) - 0.
-10
What is the value of -6 + (-5 + 3 - -6)?
-2
(4 - -5 - 5) + (0 - 1)
3
What is 5 + 1 + -7 + (0 - -4)?
3
-19 + 21 + (-1 - -2) + -4
-1
What is the value of (5 - 3) + 3 - (0 + -3)?
8
-1 + -3 - (1 + 1 + -1)
-5
-2 - -2 - (-6 + 1)
5
Evaluate 32 - 29 - (-1 + 2).
2
Evaluate -15 - (4 - 13) - -5.
-1
Evaluate 4 + 3 + -4 + 2.
5
What is 4 + (5 - 9 - (4 - -1))?
-5
Evaluate (6 - (-7 + 13)) + (0 - -1).
1
Calculate (-1 - 2) + -2 + 4 - -3.
2
6 - (2 + 6 + 5) - -7
0
What is the value of -3 + -3 + 1 + 2 - 1?
-4
What is 0 + -3 + (7 - 